 v be a(y). Let n(r) = 5*r**2 + 4*r**v + 0*r**3 - 3*r**3. Give n(-5).
0
Suppose 2*t + 0 = 6. Let p(x) = -3*x - 2*x + 1 + t*x. Determine p(3).
-5
Let b(g) = -g - 1. Let r = -16 + 23. What is b(r)?
-8
Let a(t) = -6*t**2 - 7*t + 8*t**2 - 3 - t**3 - 8*t**2. Calculate a(-5).
7
Suppose 13 + 2 = 5*n. Let x(m) = -4*m**n + 2*m**3 + m**3. Determine x(-2).
8
Let p(q) = 4*q**3 - 5*q**2 + 2*q. Let m(v) = -7*v**2 + 5*v**3 + 2*v**2 - 5 + 4 + 2*v. Let u(h) = -5*m(h) + 6*p(h). Calculate u(-5).
-5
Suppose -o = 2*j - 6 - 0, 5*o = -5*j + 20. Let k(b) = -b**j + 3*b**3 - b**2 - 11*b**3 - 2*b + b. What is k(-1)?
7
Let z(k) = k + 4. Suppose 0 = -3*t + 5*w + 13, -3*t = w - 4*w - 3. Let j = -12 + 13. Let q = j + t. Determine z(q).
1
Let u(g) = -6*g**2 + 4*g. Let f(s) = -s. Let p(a) = 5*f(a) + u(a). Determine p(1).
-7
Let r(n) = n + 1. Let p(m) = -m**2 - 6*m. Let w(h) = p(h) + 5*r(h). Calculate w(0).
5
Let s = -76 + 82. Let b(k) = k**2 - 7*k + 1. Calculate b(s).
-5
Let c(p) = 9*p + 5 - 7*p - p**2 - 3*p. Determine c(4).
-15
Let v(u) = -u - 4. Let p(h) = -h. Let w(z) = -2*p(z) + v(z). Determine w(-5).
-9
Suppose 5 = -2*h - q, 3*h + 13 - 5 = -q. Let m(n) = -n**3 - 4*n**2 - n - 4. Let o be m(-4). Let z(c) = -c - 2 - 1 + o*c. Give z(h).
0
Suppose -10 = -0*j - 2*j. Suppose 3 = -4*c - j, -5*i + 17 = 4*c. Let x(w) = -w**3 + 4*w**2 + 5*w - 2. Give x(i).
-2
Let f be 10 + -6 + (2 - 1). Suppose -7*j = -f*j - 12. Let w(s) = s**2 - 5*s - 1. Calculate w(j).
5
Let s = 11 + -16. Suppose -3*v = -v - 6. Let f(g) = -v - 4 - g**3 - 5*g + 0 - 6*g**2. Calculate f(s).
-7
Let w(u) = -u**2 + 6*u + 1. Let f be (-16)/(-72) - (-34)/9. Give w(f).
9
Let g(i) be the first derivative of 7/2*i**2 - 4 + 7*i + 1/3*i**3. Determine g(-6).
1
Let d be 3*-1*-5*(-1)/(-3). Let v(l) = 6 + 0*l**3 + 2*l + 0*l + l**3 - 6*l**2. What is v(d)?
-9
Let k(m) = -9*m. Suppose 2*q = -2*t + 4*q + 2, 3*q = -3*t + 21. Let o(z) = z. Let u(r) = t*k(r) + 42*o(r). Give u(1).
6
Let d(l) = -3*l - 5. Suppose 19*c - 17*c - 8 = 0. What is d(c)?
-17
Let u(b) = b**2 - 5*b - 8. Let i be u(6). Let a(r) = 3*r + r**2 - 3 - r - 6*r + 0. Give a(i).
9
Let l(b) = -3*b**2 - 49*b**3 - 2*b**2 - 5 + 48*b**3 - 3*b. What is l(-5)?
10
Let r = 3 - 1. Suppose 12 - 4 = r*b. Let k(g) = 14 - 2*g - g**3 - 15 + b*g**2 + 3*g. Give k(4).
3
Suppose -b - 20 = 3*b, -5*b = 5*s - 65. Let m be 6 + -2 + s/(-2). Let r(h) be the first derivative of -h**3/3 - 3*h**2 + 2*h + 1. What is r(m)?
7
Let t(m) be the first derivative of m**6/360 - m**5/20 + m**4/8 + 5*m**3/3 + 6. Let x(j) be the third derivative of t(j). Determine x(2).
-5
Let u(i) = -i + 6. Let l(d) = 6*d - 42. Let h be l(8). What is u(h)?
0
Let g(f) be the second derivative of f**3 + 0 + 1/3*f**4 - 1/2*f**2 - f - 1/20*f**5. Determine g(5).
4
Suppose -2*j = -6*j - 32. Suppose t - 3*t + 10 = 0, 0 = 4*r - 2*t - 42. Let f = r + j. Let n(s) = -s + 7. Give n(f).
2
Let a(k) be the third derivative of 1/60*k**5 + 2/3*k**3 + 1/4*k**4 - 3*k**2 + 0*k + 0. Calculate a(-3).
-5
Let w = -20 - -23. Let z(n) = n**3 - 9*n**2 - 2*n - 2. Let y(k) = -k**2 - 1. Let v(c) = 6*y(c) - z(c). Give v(w).
2
Let s(y) = 0*y + 86 - 87 + 5*y. Suppose -6*k - 3 = 3. Give s(k).
-6
Let w(q) = -2*q + 11. Let r be w(8). Let h = -8 - -12. Let s(z) = -4 + h + 4 + z. What is s(r)?
-1
Let b(s) be the first derivative of -s**4/4 + s**3 - 3*s**2/2 + s + 1. Let n = -8 - -10. Determine b(n).
-1
Suppose -2*b - 2 - 2 = 0. Let v = 6 + b. Let x(c) be the second derivative of c**3/6 - 2*c**2 - c. Calculate x(v).
0
Let n be (-7)/175*5/(-4). Let z(x) be the second derivative of 1/6*x**4 + 0 - n*x**5 + x**2 + 1/2*x**3 + x. Determine z(3).
2
Let h(t) = -t**3 - 4*t**2 + t - 1. Let k be h(-4). Let p(w) = w - 2. Calculate p(k).
-7
Let o(d) be the third derivative of d**5/120 - d**4/12 - d**3/2 - 2*d**2. Let m(j) be the first derivative of o(j). What is m(2)?
0
Let n(f) be the second derivative of -1/3*f**3 - 1/12*f**4 + 0 - 2*f + 2*f**2. Give n(-3).
1
Let z(l) be the first derivative of -l**2/2 - 6*l - 1. Let j be z(-6). Let x(n) = -13*n - 4. Let t(k) = -7*k - 2. Let b(v) = -11*t(v) + 6*x(v). Give b(j).
-2
Suppose -2*p - p = -15. Let z(s) = -3 + 3 - 4 + 3. Let t(d) = -d**2 - d - 4. Let j(k) = p*z(k) - t(k). Determine j(2).
5
Let i(b) = -b**2 - 2*b - 6. Let f(w) = 3*w**2 + 3*w + 13. Let r(c) = -2*f(c) - 5*i(c). Determine r(3).
7
Let g(m) = 3*m**2. Let x be g(1). Let v(i) = -2*i**3 + 6*i**2 - 3*i + 9. Let u(b) = -b**3 + 3*b**2 - 2*b + 5. Let f(s) = -7*u(s) + 4*v(s). Give f(x).
7
Let w(q) be the first derivative of q**4/4 - 5*q**3/3 + 5*q**2/2 + 14. What is w(4)?
4
Let x(r) = r - 3. Let a = -6 - -6. Let u be (3 - (a - -1)) + 3. Calculate x(u).
2
Let n(c) = 5*c + 1. Let t(u) = 5*u + 1. Let l(y) = -y + 12. Let m be l(10). Let p(q) = m*t(q) - 3*n(q). Calculate p(1).
-6
Let p(m) be the third derivative of m**6/360 - m**5/24 - 5*m**4/24 + 2*m**3/3 + 5*m**2. Let g(l) be the first derivative of p(l). Calculate g(6).
1
Let l(a) = -a - 5. Let s be l(-6). Let b(q) = -q**3 - 6*q**2 - 5*q + 4. Let z(u) = -u. Let k(p) = s*b(p) - 2*z(p). Determine k(-5).
-6
Suppose 4*k - 24 = -5*b, 2*b - 1 - 7 = 0. Let j(h) be the first derivative of 2*h**4 + h + 3 - 3 + 2. Give j(k).
9
Let k(x) be the third derivative of x**4/24 - x**3/6 - 2*x**2. Let r be k(3). Let f(p) = 0 - 3 + 3*p + r. Give f(-1).
-4
Let l = -3 - -1. Let y be 3*-4 + l/(-1). Let q be y/(1/(1/(-2))). Let g(a) = a**2 - 4*a + 1. What is g(q)?
6
Let r be (12/48)/(2/16). Let i(q) = r*q - 1 + 0 + 0*q. Determine i(4).
7
Let z(g) = g**3 - 3*g**2 + g - 3. Suppose 0 = 2*y + 9 + 7. Let d(k) = k**3 + 8*k**2 + 2*k + 4. Let s be d(y). Let i be 4/s + 20/6. Determine z(i).
0
Let n(o) = 2 + 5 - 6 + 24*o - 23*o. Calculate n(-7).
-6
Let f = 5 + -6. Let u(h) = 1 + 6*h**3 + 0*h**2 - h**2 + 0*h**2. What is u(f)?
-6
Let o(i) be the second derivative of -i**3/6 + i. Let a(r) = -r**2 - r + 26. Let z be a(-6). Determine o(z).
4
Let c(r) be the first derivative of r**2/2 + 11*r + 4. Give c(0).
11
Let v(j) = j**3 + 6*j**2 + 5*j - 5. Suppose 0 = 8*i - 3*i + 25. Calculate v(i).
-5
Let z(x) be the second derivative of 2*x + 0 - 5/12*x**4 + 1/2*x**3 + 0*x**2. Give z(2).
-14
Let v(t) = 9*t - 11. Let o(j) = -3*j + 4. Let u(d) = 17*o(d) + 6*v(d). Let f be 21/(-6*3/12). Let b be (-84)/(-24)*8/f. Calculate u(b).
-4
Suppose 3*v + 1 - 24 = -2*x, -v = 4*x - 21. Let j(q) = -6*q**2 + 4*q - 6. Let m(g) = -g**2 - 1. Let d(o) = j(o) - 5*m(o). Determine d(x).
-1
Let a(s) be the third derivative of -s**5/60 - s**4/12 + s**3/3 + 10*s**2. Calculate a(2).
-6
Let v(u) = -7*u + 9. Let y(d) = -8*d + 9. Let i(a) = -4*v(a) + 3*y(a). Determine i(7).
19
Let c(b) = -b**2 + 2*b + 2. Let u(h) be the first derivative of h**2/2 - 4*h - 3. Let w be u(7). Let j be c(w). Let y(i) = -i - 2. What is y(j)?
-1
Let o(i) be the first derivative of i**2 + 2*i + 7. What is o(5)?
12
Let m(u) = 10*u - 5. Let f(l) = 3*l - 2. Let r(i) = 7*f(i) - 2*m(i). Give r(0).
-4
Let u(j) = j. Let p(b) = -b**2 - 4*b - 1. Let x(h) = -p(h) + 3*u(h). Calculate x(-7).
1
Let q = -137 + 133. Let n(j) = j + 1. Calculate n(q).
-3
Let y(k) = -5 + 1 + 0 - 2*k + 2. What is y(4)?
-10
Let t(l) = l**2 + 3*l. Let q(h) = 3*h. Let i(o) = -3*q(o) + 2*t(o). Let a(d) = -d**2 + 4*d - 2. Let g be a(2). Calculate i(g).
2
Let k be 4*(-4)/(-16)*5. Let z = 1 + 1. Let u(i) = -2 + 7*i - 5 - i**z + 4. Calculate u(k).
7
Let o = -3 + 4. Let w(c) = -2*c + 0*c - o + 6*c. Suppose 0 = -2*d - 3*m + 7, 5*m = -2*d + 11 + 2. Give w(d).
-5
Let s(m) = m**3 - 5*m**2 + 5*m + 4. Let u be (-105)/28*(-8)/(-3). Let r = 14 + u. Calculate s(r).
8
Let f = 6 - 4. Let i(y) be the third derivative of y**4/12 + 3*y**2. Calculate i(f).
4
Let x be 5/((-40)/(-2)) + (-13)/4. Let i(g) = g - g**2 - 3*g - 4 - 4*g. Give i(x).
5
Let x(r) be the third derivative of 2*r**5/15 + r**3/6 - 6*r**2. Give x(1).
9
Let x(z) be the third derivative of z**5/60 - 5*z**4/24 + z**3 - z**2. Let l(a) = 3*a + 1. Let i be l(1). Calculate x(i).
2
Let g(c) = 5*c + 1. Let p be (-14)/(-4) + (-2)/4. Calculate g(p).
16
Suppose 4*w - 4 + 8 = 0. Let f(v) = 3*v - 3*v + 1 - 4*v**3. Calculate f(w).
5
Suppose -5*h = 25 + 5. Let n(y) = y**3 + 6*y**2 + 2*y + 3. Give n(h).
-9
Let n(m) = 22*m**2 + 5 + 0 - 23*m**2. What is n(-4)?
-11
Let h be 2/(-6) + (-6)/9. Let z(s) = -1. Let x = -12 - -18. Let d(j) = -4*j + 7. 